)?
8
Let h = -2244 - -3319. What is the units digit of h?
5
Let q(w) = 47*w - 40. Let t be q(-10). Let k = -362 - t. What is the tens digit of k?
4
Let a(v) = 8*v + 4. Let s be a(7). Let x = 120 - s. What is the units digit of x?
0
What is the units digit of ((-40)/6)/((-54)/567)?
0
Suppose n = -2*n - 12. Let v be (-8*1)/(n/6). Let r = v - -2. What is the units digit of r?
4
Let x = 735 - 204. What is the tens digit of x?
3
Let a = -29 + 32. Suppose 32 = a*v - 58. Suppose -4*r = -k + 8 + v, -3 = -k - 3*r. What is the tens digit of k?
1
Let z(v) = -2*v**2 + 4*v + 112. Let k(d) = -d**2 + 2*d + 56. Let q(x) = 5*k(x) - 2*z(x). What is the tens digit of q(0)?
5
Let p(r) = r**3 - 12*r**2 - 11*r - 11. Let c be p(13). Suppose -c = 5*k, 3*x + k = -0*x + 33. Suppose 2*m - x = -4. What is the units digit of m?
4
Let z(y) = -2*y + 63. Let a(b) = -b**2 - 3*b + 10. Let u be a(-5). What is the tens digit of z(u)?
6
Let l(g) = -58*g**3 - 3*g**2 + 3*g + 16. What is the tens digit of l(-4)?
6
Let f be 4*(2 - 35/10). Let i(m) = m**2 - 6*m + 5. What is the units digit of i(f)?
7
Suppose -3*f - 4*a + 2*a = -37, -4*a = 4*f - 56. Suppose -f - 11 = -5*v. Suppose v*c - 3*c + z - 46 = 0, -2*c = 5*z - 89. What is the units digit of c?
7
Let g(p) = p**2 - 8*p + 17. Suppose 9*m = m + 72. What is the tens digit of g(m)?
2
Let y(f) be the second derivative of f**6/120 + 25*f**3/6 + f**2/2 + 3*f. Let v(d) be the first derivative of y(d). What is the units digit of v(0)?
5
Let u = -622 + 1062. What is the units digit of u?
0
Suppose k - 2*k + 11 = -3*o, 5*o + 13 = k. Suppose 7*x = k*x - 2. What is the units digit of x?
2
Let u = -269 + 277. What is the units digit of u?
8
Let f(r) = -14*r - 243. What is the tens digit of f(-54)?
1
Suppose 4*s = -2*o + 54, -4*s = -5*s - 3*o + 21. Suppose 0 = r + 15 - 4. Let q = s + r. What is the units digit of q?
1
Suppose 0 = 2*x + x + 5*v - 663, 0 = x + v - 221. What is the tens digit of x?
2
Suppose 5*r = 1214 + 946. What is the tens digit of r?
3
Let a(j) = j**3 + 8*j**2 + 17*j + 17. Let p be a(-6). Let z(m) = m**2 - 9*m - 32. What is the tens digit of z(p)?
5
Suppose 0 = t - 3*s - 294 - 351, -4*t + 2*s = -2560. What is the hundreds digit of t?
6
Let g(t) = 3*t - 61. Let n be g(21). Suppose 4*v - n*v - 10 = 0, 0 = 5*s + 3*v - 805. What is the hundreds digit of s?
1
Let u(d) = 3*d - 76. Let w be u(23). Let n(o) = -o**2 - 11*o - 21. What is the units digit of n(w)?
7
Let h(y) be the third derivative of -y**4/6 + 17*y**3/6 - 3*y**2. Let d(u) = -2*u**2 - 18*u + 12. Let w be d(-10). What is the units digit of h(w)?
9
Let x(j) = j**2 + 7*j + 3. What is the units digit of x(14)?
7
What is the units digit of -7 + (-36784)/(-10) + (-18)/(-30)?
2
Suppose -6*n = 2*n - 8. Let p(h) = 30*h + 4. What is the units digit of p(n)?
4
Suppose -10 = 8*x - 2. What is the tens digit of 2*x*(-11)/2?
1
What is the units digit of (-1566)/4*(80/(-24) - -2)?
2
Let v = 9 + -2. Let j be (-1 + (3 - 0))/1. Suppose j*y - 70 = -4*i, 2*i - v*i = -2*y - 101. What is the units digit of i?
9
Let c be 36/(-63) - (-804)/(-14). Let g = -34 - c. What is the units digit of g?
4
Let m(s) = -4*s + 3. Let z be m(2). Let c = 70 + z. What is the units digit of c?
5
Let n(c) = -26*c + 8. Suppose 11 = -3*a + 4*m, 10*a - 5*m + 6 = 14*a. What is the units digit of n(a)?
4
Let a(k) = -k**2 + 18*k + 2. What is the units digit of a(17)?
9
Let r(z) = -14*z - 7. Suppose 4 = n, 6*w = w - 3*n + 72. Let u = 8 - w. What is the units digit of r(u)?
9
Let o(l) = -l**3 + 14*l**2 - 8*l - 11. Let c be o(13). Suppose -p + 0 + c = 0. What is the units digit of p?
4
Let y(x) be the second derivative of x**4/4 - 11*x**3/6 + x**2 + x. What is the hundreds digit of y(-5)?
1
Let f = -258 - -412. What is the hundreds digit of f?
1
Suppose 0 = 3*r - 28 - 2. Let b(x) = -x**2 + 5*x - 2. Let m be b(r). Let f = -27 - m. What is the tens digit of f?
2
Suppose -2 = -3*f + 13. Suppose 9*x - 256 = f*x. What is the units digit of x?
4
Let i = 520 - 360. Let n = i + -94. What is the tens digit of n?
6
Let l(q) = -4*q**3 - 2*q**2 + q. Let w be l(-2). Let t(f) = -f**2 + 26*f - 27. What is the units digit of t(w)?
1
Let o = 16 - -6. Let s = 44 - o. What is the tens digit of s?
2
Let u = -167 - -342. Suppose -5*o = -u - 110. What is the tens digit of o?
5
Suppose -226*d - 16650 = -235*d. What is the units digit of d?
0
Let g = 41 - 42. What is the units digit of -3 - -69 - (g + 1)?
6
Let t = 2 - -4. Suppose -2*w = 5*b - 12, -3*b - 2*w - t = -7*b. Suppose 0*m + b*m = 20. What is the units digit of m?
0
Let u = 233 - 52. What is the units digit of u?
1
Let p be 2/(-12) + 112/96. What is the units digit of (-1076)/4*1/p*-1?
9
Let p(u) be the first derivative of -5*u**4/4 + 2*u**3/3 + u**2 + 3*u + 5. Let t be p(-3). Suppose 10 = -4*k + t. What is the units digit of k?
5
Let j = -185 - -546. What is the hundreds digit of j?
3
Let h(f) be the first derivative of f**3/3 - 7*f**2 + 7*f + 29. What is the units digit of h(-7)?
4
Suppose -387 = -15*m + 873. What is the units digit of m?
4
Suppose 0 = -15*q + 3*q + 14220. What is the hundreds digit of q?
1
Let q = -655 - -263. Let a = q + 568. What is the tens digit of a?
7
Suppose 19767 = 16*b - 80809. What is the units digit of b?
6
Let w(l) = 2369*l**2 - l + 2. What is the thousands digit of w(1)?
2
What is the units digit of (-12)/(-60) + 15008/10?
1
Let h(t) = 3*t**2 + t - 10. Let g be h(-6). Let a = 4 + g. What is the units digit of a?
6
Let m(z) = -z**3 + 18*z**2. Let p be m(18). Suppose 369 = 4*x + 5*r, -2*x = -p*x - 5*r - 147. What is the tens digit of x?
8
Suppose -19*d - 150 = -25*d. Let r = d - -168. What is the tens digit of r?
9
Suppose 9*i - 4*i + 5*s = -15, 0 = -4*i - 2*s - 20. Let z(r) = 2*r**2 + 4*r + 15. What is the tens digit of z(i)?
8
Let w be (3/(-9))/(8/(-144)). Suppose 4*y + w = 5*y. What is the units digit of y?
6
Let s be (-10)/(-3) + (-24)/(-36). Suppose -s*v + 348 = v + 4*j, v - 66 = j. What is the units digit of v?
8
Suppose 14*v = 1295 - 441. What is the units digit of v?
1
Let i(u) = 71*u**2 + 2*u + 12. What is the tens digit of i(-3)?
4
Suppose 320 + 725 = 5*y - 2*c, -c + 1030 = 5*y. What is the units digit of y - (-25)/(5 - 0)?
2
Suppose 0 = 184*o - 192*o + 37816. What is the thousands digit of o?
4
Suppose z + 16 = -15. Suppose -4*c = -85 - 103. Let p = c + z. What is the units digit of p?
6
Let t = 67 + 38. Let i = t + -37. What is the tens digit of i?
6
Let x be 22 - -4*(-2)/4. Let l = x - 1. What is the units digit of l?
9
Let o = 11 - 39. What is the tens digit of (-8)/o + 516/7?
7
Let a(g) = 6*g + 109. What is the hundreds digit of a(21)?
2
Suppose 4*b + 3120 = 6*u - 2*u, -3*b + 1560 = 2*u. What is the hundreds digit of u?
7
Let g = 114 - -249. What is the units digit of g?
3
Let b be (-8)/40 - (-2)/10. Suppose -3*v - 4*o + 25 = b, -19 = -2*v - 2*o - 3*o. Suppose 3*g - 40 = -v. What is the tens digit of g?
1
Let r(x) = 4*x**3 - 22*x**2 - 5*x + 8. What is the thousands digit of r(10)?
1
Suppose 5*o + n - 55 = -188, -4*o + 5*n - 89 = 0. Let i = 21 + o. What is the tens digit of (8/(-1))/(i/10)?
1
Suppose -3*m = -4*j - 58, -m - 3*j + 30 = j. Let g(i) = i**3 - 22*i**2 + 7*i - 28. What is the units digit of g(m)?
6
Let l(h) = 19*h + 477. What is the tens digit of l(-16)?
7
Let b(r) = r**3 - 18*r**2 + 7*r + 14. Let f be b(18). Suppose -25*h - f = -26*h. What is the tens digit of h?
4
Suppose a - 176 = -3*a. Let s = a + 19. Suppose 2*g = 5*g - s. What is the units digit of g?
1
Let u(t) = 9 + 3*t - 22 - 17 - 1. Let v be u(13). Let i = v + 2. What is the units digit of i?
0
Let s be (-306)/(-24) - 2/(-8). Suppose -12 - s = -5*i. Suppose 4*k - 1 = 2*f - 47, -i*f + 115 = 3*k. What is the tens digit of f?
2
Suppose 0 = -0*c + 2*c + 5*j + 15, 0 = -5*c - j - 3. Suppose -d + c*d = -81. What is the units digit of d?
1
Suppose 29547 = 30*k + 10647. What is the hundreds digit of k?
6
Let s = -12 - -4. What is the tens digit of s/(-28) - (-444)/14?
3
Let h(y) = -y**3 + 20*y**2 - 15*y - 3. Let x = -18 - -37. What is the tens digit of h(x)?
7
Let o(u) be the second derivative of -u**5/20 - u**4/12 - u**2 - u. Suppose 5*y - 10 = 0, -2*y - 16 = 4*q - 4*y. What is the units digit of o(q)?
6
Let d = 1826 - 735. What is the thousands digit of d?
1
Suppose -4*r = 2*i -